r of 484 and 209?
11
Calculate the highest common divisor of 1 and 23.
1
What is the highest common factor of 544 and 34?
34
Calculate the highest common divisor of 3913 and 91.
91
Calculate the highest common factor of 129 and 430.
43
What is the greatest common factor of 70 and 154?
14
What is the greatest common factor of 3745 and 560?
35
Calculate the highest common factor of 29 and 3973.
29
Calculate the greatest common factor of 133 and 209.
19
What is the greatest common divisor of 91 and 21?
7
What is the highest common divisor of 44 and 36?
4
What is the highest common factor of 36 and 900?
36
Calculate the highest common factor of 1936 and 96.
16
Calculate the greatest common divisor of 76 and 40.
4
Calculate the highest common factor of 1170 and 3315.
195
What is the greatest common divisor of 1230 and 115?
5
What is the highest common factor of 25 and 330?
5
Calculate the greatest common divisor of 931 and 539.
49
Calculate the highest common factor of 42 and 1050.
42
Calculate the highest common factor of 18 and 10.
2
What is the greatest common divisor of 46138 and 59?
59
Calculate the greatest common divisor of 4376 and 24.
8
Calculate the greatest common factor of 8058 and 51.
51
What is the highest common factor of 3146 and 242?
242
What is the highest common divisor of 2 and 26?
2
What is the greatest common divisor of 26 and 1664?
26
What is the greatest common divisor of 8802 and 54?
54
What is the greatest common factor of 1204 and 7?
7
What is the greatest common divisor of 176 and 1892?
44
Calculate the greatest common divisor of 33964 and 28.
28
Calculate the greatest common factor of 15 and 1375.
5
What is the highest common divisor of 8 and 46?
2
Calculate the highest common divisor of 120 and 552.
24
Calculate the highest common divisor of 5 and 2980.
5
What is the greatest common factor of 12 and 246?
6
Calculate the highest common factor of 3 and 201.
3
Calculate the greatest common divisor of 638 and 66.
22
Calculate the greatest common divisor of 9414 and 18.
18
What is the greatest common divisor of 855 and 225?
45
Calculate the greatest common factor of 52 and 7358.
26
Calculate the greatest common divisor of 1 and 32.
1
Calculate the highest common divisor of 48662 and 58.
58
What is the highest common factor of 42 and 6?
6
What is the greatest common factor of 116 and 164?
4
Calculate the highest common divisor of 450 and 3200.
50
What is the highest common factor of 480 and 66?
6
What is the greatest common factor of 3939 and 1212?
303
What is the greatest common divisor of 453 and 2416?
151
What is the highest common factor of 44 and 1474?
22
Calculate the greatest common divisor of 48 and 396.
12
What is the greatest common factor of 3132 and 108?
108
Calculate the greatest common factor of 114 and 4009.
19
Calculate the greatest common divisor of 186 and 806.
62
What is the highest common divisor of 75 and 2400?
75
What is the greatest common factor of 545 and 11118?
109
What is the highest common divisor of 128 and 17984?
64
What is the highest common factor of 248 and 589?
31
Calculate the highest common factor of 11085 and 30.
15
What is the greatest common divisor of 46 and 1242?
46
Calculate the greatest common divisor of 480 and 15.
15
Calculate the greatest common divisor of 874 and 418.
38
What is the greatest common divisor of 190 and 790?
10
What is the highest common factor of 18 and 24?
6
What is the greatest common divisor of 111 and 3?
3
Calculate the greatest common divisor of 495 and 3285.
45
Calculate the highest common factor of 93 and 527.
31
What is the highest common factor of 282 and 2?
2
Calculate the highest common factor of 368 and 230.
46
Calculate the greatest common divisor of 24 and 264.
24
What is the greatest common divisor of 26 and 78?
26
Calculate the greatest common divisor of 93 and 459.
3
What is the greatest common factor of 13608 and 168?
168
Calculate the highest common factor of 33 and 11.
11
What is the highest common divisor of 2250 and 9?
9
What is the greatest common divisor of 12 and 20154?
6
What is the greatest common divisor of 3 and 24?
3
What is the highest common divisor of 60 and 135?
15
Calculate the greatest common factor of 63 and 56.
7
What is the greatest common divisor of 850 and 150?
50
Calculate the highest common divisor of 31 and 124.
31
What is the greatest common divisor of 52 and 15782?
26
Calculate the greatest common divisor of 705 and 1440.
15
Calculate the greatest common factor of 8750 and 70.
70
Calculate the highest common factor of 418 and 154.
22
Calculate the highest common factor of 85 and 68.
17
Calculate the greatest common factor of 56 and 536.
8
What is the highest common factor of 45 and 4695?
15
Calculate the greatest common divisor of 1099 and 4553.
157
Calculate the highest common divisor of 88 and 184.
8
Calculate the highest common factor of 228 and 84.
12
What is the highest common factor of 28 and 36?
4
Calculate the highest common factor of 12439 and 14.
7
Calculate the highest common factor of 3920 and 14.
14
Calculate the greatest common factor of 998 and 4.
2
Calculate the highest common divisor of 5 and 4.
1
Calculate the highest common divisor of 892 and 4.
4
Calculate the greatest common factor of 629 and 85.
17
What is the highest common factor of 75 and 2500?
25
Calculate the highest common factor of 72 and 936.
72
What is the highest common factor of 3869 and 657?
73
What is the greatest common factor of 139138 and 146?
146
What is the highest common divisor of 102 and 48?
6
What is the greatest common divisor of 576 and 108?
36
What is the greatest common factor of 9590 and 70?
70
What is the greatest common factor of 29158 and 122?
122
Calculate the highest common factor of 114 and 29697.
57
What is the highest common divisor of 164 and 6?
2
What is the highest common factor of 10586 and 474?
158
What is the greatest common divisor of 61 and 17141?
61
Calculate the highest common divisor of 12154 and 1030.
206
What is the greatest common divisor of 232 and 16?
8
Calculate the greatest common factor of 36 and 729.
9
What is the greatest common divisor of 16 and 148?
4
Calculate the highest common divisor of 222 and 1221.
111
What is the greatest common factor of 1 and 182?
1
Calculate the highest common factor of 259 and 1480.
37
What is the greatest common factor of 882 and 686?
98
Calculate the greatest common factor of 64 and 8.
8
What is the greatest common divisor of 32 and 872?
8
Calculate the greatest common factor of 128 and 5824.
64
Calculate the highest common factor of 675 and 27.
27
Calculate the greatest common divisor of 175 and 7.
7
Calculate the highest common divisor of 8 and 200.
8
Calculate the highest common factor of 2034 and 18.
18
What is the highest common divisor of 1125 and 18?
9
Calculate the highest common factor of 33 and 165.
33
What is the greatest common factor of 1679 and 46?
23
Calculate the greatest common factor of 515 and 5.
5
Calculate the greatest common factor of 80 and 5.
5
What is the greatest common divisor of 6831 and 33?
33
What is the highest common factor of 160 and 5?
5
Calculate the highest common divisor of 5271 and 7.
7
What is the highest common factor of 285 and 380?
95
Calculate the greatest common divisor of 60 and 1404.
12
Calculate the highest common divisor of 6 and 129.
3
What is the highest common divisor of 167 and 6?
1
What is the highest common divisor of 1100 and 132?
44
Calculate the greatest common factor of 280 and 16.
8
Calculate the greatest common divisor of 7 and 469.
7
What is the highest common divisor of 75 and 75?
75
What is the highest common divisor of 4183 and 178?
89
Calculate the highest common divisor of 924 and 5775.
231
What is the greatest common factor of 3657 and 69?
69
What is the highest common factor of 57 and 1653?
57
Calculate the greatest common factor of 22 and 55.
11
Calculate the highest common divisor of 38 and 342.
38
Calculate the greatest common divisor of 535 and 2461.
107
What is the highest common divisor of 2867 and 141?
47
Calculate the greatest common divisor of 1821 and 3.
3
What is the greatest common factor of 36 and 3636?
36
What is the greatest common divisor of 3370 and 10?
10
What is the high